 (-1 - 12) + 5.
-3
What is the value of (-9 - -3 - -1) + 2?
-3
What is the value of (-3 - 3) + 0 + 0 + 4?
-2
Evaluate 3 + -1 - (2 + 3).
-3
-2 - -3 - (1 - 4)
4
9 - (7 + -18 + 22)
-2
What is 4 + -4 + 4 - -1?
5
Evaluate -4 + (2 - -2) + 6.
6
16 - 13 - (5 - 0)
-2
What is (17 - 15) + 1 + -5?
-2
(1 + 0 - (26 + -29)) + -1
3
What is 2 - (-1 + 2) - (-73 - -74)?
0
What is 3 + 3 + 2 + 0 + -10?
-2
What is the value of 6 + -3 + -9 + 2 - -1?
-3
Calculate -4 + (-2 + 2 - 1).
-5
-2 + (-1 + 0 - (0 + 1))
-4
1 - (-3 - -4) - -2
2
2 + 1 + -2 - (13 - 16)
4
What is -3 - (-11 + (6 - (8 + -8)))?
2
Calculate -9 + 8 + -1 - (1 + 2).
-5
Evaluate -4 + 10 + 0 + -2.
4
-1 + 6 + -1 - 5
-1
(5 + -2 - 4 - -2) + 4
5
8 - 11 - -2 - -2
1
Calculate -1 + (0 - -11) - (319 + -312).
3
What is 2 + 1 + 1 + 3 + -3?
4
Evaluate -50 + 37 + (-1 - -23).
9
Calculate -5 + (-1 + 5 + -3 - -4).
0
What is (-3 - -1) + (9 - 8) - -11?
10
What is 13 + -8 + 1 - 9?
-3
-13 + 12 - -7 - (1 - -3)
2
-4 + (10 - 2) - 9
-5
-3 + 3 + 0 + 3
3
Calculate 0 + -8 + (8 - -3 - 7).
-4
What is the value of (-1 - 11) + 17 + -4?
1
What is (9 - (0 + 7)) + -6?
-4
What is -1 + -6 + 3 + -3 - -3?
-4
What is -5 - -9 - (8 + 2)?
-6
What is the value of 15 + (-3 - -1) - 11?
2
What is the value of -10 + (2 + 21 - 14)?
-1
Calculate 1 - 1 - (1 + -4).
3
Evaluate 17 - (18 + -9) - 3.
5
1 + -5 + 9 - 6
-1
(1 - 1) + (1 - 3) - -1
-1
Evaluate 4 + (-6 - (2 + -1 - 6)).
3
What is (15 + -12 - -9) + -19?
-7
25 + -8 + -15 + 8
10
What is the value of (2 - 1) + 21 + -25?
-3
(-2 - (0 + (-8 - -6))) + 7
7
Evaluate -2 + 3 + 2 + 4 + -8.
-1
0 + (6 - (-2 - (-3 - 1)))
4
What is the value of (-5 - 11 - 0) + 10?
-6
Calculate 1 - 6 - (-6 + -3).
4
9 + -22 + -1 + 11
-3
What is the value of 7 + 5 + -7 - 9?
-4
What is -8 + -9 + 21 - (-3 + 2)?
5
Calculate -9 + -5 + 10 - -9.
5
-1 - -3 - (24 + 1 + -22)
-1
What is 5 + -12 + 0 + 2?
-5
What is the value of 4 + -3 - 10 - -10?
1
Evaluate 9 - 0 - (-75 - -85).
-1
What is -2 + 7 + -1 + -8?
-4
Calculate (8 - 4) + -3 + -4 + 2.
-1
What is -11 - (-15 + 6) - (0 + -2)?
0
What is 0 + (10 - (11 + -4))?
3
What is the value of (4 - 6) + 3 - (9 - 11)?
3
What is 3 + 0 - (5 + -4) - 0?
2
What is 6 - (10 + 1 + -3 + -4)?
2
What is -14 - -20 - (-5 - (0 - 5))?
6
What is the value of 2 - (-2 - 2) - 1?
5
0 + -3 + 2 - 4
-5
Calculate -5 + 2 + (-2 - -9).
4
What is 30 - 33 - (-7 - 0)?
4
(5 - 0) + -5 + 2 + -1
1
What is 1 - (-5 + 4) - (0 + 3)?
-1
-1 - (6 - 5 - -6)
-8
-1 + (0 - 1 - (-8 - -11))
-5
What is 3 + 3 + -7 - -7?
6
Calculate 1 + -1 - -2 - (1 - -3).
-2
Evaluate 2 + (3 - (-1 + 3)).
3
Calculate -9 - (-18 + 14 + -8).
3
Calculate -9 + -10 + (1 - -3) + 7.
-8
What is 8 - (1 + -2 + 5)?
4
Calculate 0 + (1 - -13) + -11.
3
What is 2 + 8 + -4 - 3?
3
What is the value of (4 - -1) + 0 + (3 - 8)?
0
(-10 - 1) + 21 + -15 + 9
4
-5 + -11 + 8 + 0 + 7
-1
1 + (3 - (-3 + 0)) - 2
5
Calculate -5 + 12 + 1 + -5.
3
-5 - (2 + 1 + -7)
-1
Calculate -4 - 6 - -1 - -10.
1
4 - (-3 + 9 + -1)
-1
Calculate -16 + 14 + (-4 + 9 - 3).
0
Evaluate -6 + (-10 - -3 - -9).
-4
What is -6 - -4 - (0 - 6)?
4
Calculate -5 + 8 - (1 - -4).
-2
Evaluate 4 - (0 - -1) - (-2 - 0).
5
What is the value of (-3 - -3) + (1 - (0 + 0))?
1
Calculate 0 + -5 - (14 + -16).
-3
Evaluate -5 - (-12 + (0 - -9)).
-2
28 + -31 + (1 - (1 + 0))
-3
What is the value of 1 - (-9 - -9) - 6?
-5
Evaluate (-3 - 2 - -3) + -3.
-5
(1 - -21 - 22) + (1 - 5)
-4
What is the value of -2 + (8 - 8 - (1 - 2))?
-1
What is -7 + 8 + (0 - -2)?
3
Evaluate 7 - (-2 - -6) - (1 + 7).
-5
Evaluate (3 + 1 - (12 - 11)) + -4.
-1
Calculate (-8 - (7 + -11)) + 7.
3
Calculate 4 + 15 - (18 - 8).
9
Calculate -2 - -7 - (15 - 10) - -7.
7
Calculate 5 + 0 - (-22 + 19 - -11).
-3
Calculate -1 - ((2 - 1) + 0).
-2
Evaluate (3 - 5 - -1) + -2.
-3
What is the value of 3 + (-7 - (-1 + 2))?
-5
What is (4 - 0) + (-9 - -3)?
-2
Calculate -4 + 0 + -2 + 11.
5
Calculate -74 + 74 - (-1 - (-2 - 1)).
-2
2 - (-5 - (-3 - 5) - 10)
9
What is the value of 1 - ((7 - 2) + -2)?
-2
(1 - 5) + (-3 - -3 - -5)
1
What is the value of -4 + -4 + (1 - -2)?
-5
4 + 12 + -9 - 9
-2
What is the value of (10 - 4) + (2 - 5 - -4)?
7
Evaluate (5 - (-4 - -19)) + 4.
-6
What is the value of 4 - (-1 - 4 - -10)?
-1
What is 0 + (-5 - (3 - 6))?
-2
What is -7 + 16 + -5 - (-1 + 0)?
5
-13 + 16 - ((1 - 0) + 4)
-2
8 + (3 - 29) + 15
-3
3 + -4 + 7 + -8 + 2
0
Calculate -3 + -2 + 8 - (0 - -3).
0
What is the value of 4 + 0 - (11 + -3)?
-4
1 + -3 - (0 + -7)
5
Evaluate -11 + (2 - 3) + 15.
3
Evaluate -19 - -15 - (-4 + -1) - 8.
-7
What is the value of -4 + 8 + 1 + 0?
5
What is 1 - (5 + 5 + -8) - -8?
7
What is (6 - 1) + (-1 + 2 - 1)?
5
Calculate 0 - (0 + -4 + -6 + 10).
0
What is 4 + 11 + -2 - 8?
5
2 - (-2 - -6) - (10 + -8)
-4
2 + 1 + -5 + (-8 - -8)
-2
What is the value of 0 - -2 - (5 + -9 + 6)?
0
What is the value of 33 - 46 - (-2 + -4)?
-7
6 - ((-9 - -5) + 8)
2
-2 + 1 - (-1 - -1 - -3)
-4
Evaluate -16 + 7 + 7 + (1 - -4).
3
Calculate (-7 - -3 - -8) + -1.
3
Evaluate (72 - 79) + (0 - -3).
-4
What is -6 - (-10 - 2) - 4?
2
Evaluate 124 + -126 - (1 - -1).
-4
What is the value of (0 - (0 - -8)) + 146 + -143?
-5
Evaluate (-12 - -4) + (24 - 9).
7
-15 + (5 - -2) + 14
6
What is 13 + (4 - 11) + -8?
-2
Evaluate (12 - 0) + -9 + 3.
6
What is -6 + 10 + -7 + -1 + 7?
3
5 - (-1 + 5) - (0 + -6)
7
Evaluate -2 - (1 + 1 + (0 - 3)).
-1
What is 7 + -9 + 1 + 2?
1
What is 0 - 6 - (-6 - 1)?
1
6 - 2 - (5 - 6)
5
11 + (-7 + (-5 - -8) - 0)
7
What is 11 - (3 + -1 + (-6 - -6))?
9
What is -7 + -6 + 11 + 1?
-1
Calculate -1 + 2 + -1 + -1.
-1
What is 14 - (-1 - ((-3 - -8) + -13))?
7
Calculate -70 + 69 + -1 + (1 - 3).
-4
Calculate 19 - 24 - (-4 - 2).
1
What is the value of -5 + 14 + 2 + (-6 - -2)?
7
Evaluate -1 - (-1 + -1 + 6).
-5
What is 0 + 2 + 1 + -2 + 5?
6
What is (0 - -5 - (-4 + 8)) + 2?
3
Evaluate 2 - (1 - -2 - (-15 + 14)).
-2
Evaluate (4 - 7) + (1 - (-14 + 8)).
4
What is -4 - (-1 + 0 + 1)?
-4
What is -2 + -7 + 5 + 5?
1
Calculate (-8 + 6 - 0) + 7 + 0.
5
Calculate (-7 - -3) + 6 + -4.
-2
What is the value of -3 - (2 - (-5 + 16))?
6
Evaluate -6 + -2 - (16 + -18).
-6
Evaluate -4 + 8 + (2 - (4 + -2)).
4
Calculate (-27 - -22) + 8 + -1.
2
What is the value of 2 - (-11 + (30 - 9))?
-8
Calculate 0 - (-4 + -3) - 2 - 1.
4
-8 - (2 - 6 - 6 - -5)
-3
Evaluate -3 - ((-8 - -4) + 0 + 2).
-1
Calculate (16 - 11) + (3 + -3 - 0).
5
What is the value of 6 + (-3 + 6 - 3) + -1?
5
Calculate 5 - 1 - (16 - (11 - -4)).
3
What is the value of -3 + 0 - ((-18 - -6) + 8)?
1
2 - (-2 + 1 + -1 + 5)
-1
Evaluate -2 + 1 + (-2 - (-1 - -3)).
-5
Calculate -1 + (-5 - 3) + 14.
5
-4 + (-8 + 8 - (1 + -3))
-2
What is the value of -3 + -1 - (-29 + 20)?
5
-7 + 4 + 5 - (13 + -9)
-2
What is the value of 2 + 3 + -7 + -2?
-4
Evaluate 7 - (8 + 5 - 9).
3
Calculate (-1 - 1) + (-1 - -2).
-1
(2 - -2) + -5 + (2 - -3)
4
What is (3 - 6) + 2 - (-7 + 3)?
3
What is the value of 2 + (-2 - 2) - 2?
-4
What is the value of 97 - 100 - (1 + 0 + 4)?
-8
What is (3 - 0) + -20 + 11?
-6
What is -2 + (4 - 2) + (-6 - -1)?
-5
Calculate -11 - (0 - -1) - (-6 + 0).
-6
What is the value of (33 - 30) + (-1 - 1 - 4)?
-3
Calculate (2 - 4) + 3 - (3 - 1).
-1
Calculate 3 + 3 - (4 - (9 + -7)).
4
3 - ((5 - -4) + -1)
-5
Evaluate -7 + 2 - -11 - 5.
1
Evaluate (0 - -7) + (-2 - 2).
3
3 + (-5 - (5 - 2 - -3))
-8
Evaluate 21 + -9 + -4 + 0.
8
What is (4 + -8 - (-2 + 1)) + 10?
7
Evaluate -14 - -16 - (-3 - 3).
8
7 + -2 + -7 - -2
0
Calculate 0 - (0 - (-3 + (-2 - -3))).
-2
What is the value of 3 + (-7 - -1) - (1 - -1)?
-5
What is the value of -3 - (-5 + -1) - (-1 + 3)?
1
What is the value of (1 - 7) + (8 - (1 - 4))?
5
(0 - -1) + -146 + 144
-1
Calculate (18 - 11) + -7 + -2.
-2
Evaluate 6 + (10 - 4) - 5.
7
What is the value of 8 + (-2 - (-5 + 8)) + -1?
2
Evaluate (-1 - 1) + (2 + 1 - -2).
3
Evaluate 5 + -4 + -5 - (-4 - -2).
-2
Calculate (0 + -1 - 5) + (-181 - -178).
-9
What is 13 + -15 + (15 - 11)?
2
Evaluate -8 + (4 - (-3 - -12) - -12).
-1
What is 0 + (-3 - (-1 - 3)) + 3?
4
Calculate (3 - 5 - -1) + 1 - 4.
-4
Evaluate 4 + -13 - (-1 + -4 + 1).
-5
What is the value of 3 - (7 - 5 - (0 + 1))?
2
Calculate -17 + (4 - -12) + -5 + 1.
-5
What is the value of (1 - (5 - 3)) + (0 - 1)?
-2
What is the value of -3 - (-4 - -4 - (0 - 2))?
-5
Calculate 0 + 1 + -2 + 1 - 1.
-1
What is 5 + -1 + -5 + 3?
2
Evaluate -4 + (4 + -1 - -3).
2
What is 3 + 4 - 5 - 5 - 5?
-8
Evaluate (2 - 15 - -10) 